-5*g. What is the units digit of g?
0
Let d(a) = -a**3 - 7*a**2 - 7*a - 4. Let v be 69/(-9) - 4/3. Let c = 2 + v. What is the units digit of d(c)?
5
Let h(m) = -60*m**2 + 9*m - 3. Let z be h(5). What is the tens digit of z/12*(-2)/3?
8
Let u(i) = -873*i - 305. What is the hundreds digit of u(-4)?
1
Let o be 2/9 + (-6624)/(-81). Let g = o + -50. What is the units digit of g?
2
Let x be (-24)/40 - 103269/(-15). Suppose 19*m - x + 1374 = 0. What is the units digit of m?
0
Suppose 12*v = 3085 + 3203. What is the tens digit of v?
2
Suppose -506 = -8*v + 1766. Suppose 4*b + 2*j = 226, -8*b + 3*b = j - v. What is the units digit of b?
7
Suppose -o = -5*o - 5*x + 158, -x - 44 = -o. Suppose -t + 1 = -o. What is the units digit of t?
3
Let h(q) = -4*q - 13. Let l(w) = 2*w**3 + w**2 - 2*w + 2. Let r be l(2). Let a be (-17)/2 + (-9)/r. What is the tens digit of h(a)?
2
Suppose 14*r = 2108 + 4836. What is the tens digit of r?
9
Let d(o) = -209*o + 138. What is the units digit of d(-10)?
8
Let v(i) = -i - 3. Let h be v(-6). Suppose -7*j + 93 = -h*j - 3*a, -2*j + 34 = -4*a. Suppose -j*w + 26*w + 21 = 0. What is the tens digit of w?
2
Suppose 5*j + 2*h - 4154 = 0, 4*h + 4 = 12. What is the units digit of j?
0
Let t = 1213 - 724. What is the tens digit of t?
8
Suppose -4*c + 430 = 6*c. What is the units digit of c?
3
Let t(y) = -39*y**3 + y**2 + 3*y - 2. Let a be t(-2). Suppose -4*u = -15*u + a. What is the units digit of u?
8
Suppose x - 2*b - 12 = -x, -4*x = -b - 9. Let q = 14 + x. Suppose -u - 5*p = -32, 0 = -p - 2*p + q. What is the units digit of u?
7
Let r = 0 - 35. What is the units digit of (0 - -5)*(-21)/r?
3
Let o = -878 + 1379. What is the tens digit of o?
0
Let y(a) = 5*a - 1. Let o be y(-5). Let d = o - -32. What is the units digit of d?
6
Let q be 1/(-2)*-1*28. Suppose -a + 0*a + 4*s = -10, -5*s = 5*a. Suppose 0*u - a*u + q = 0. What is the units digit of u?
7
Suppose 5*x = -0*x - 30. Let l be (-4)/6*36/x. Suppose 6 = i - p - 7, l*i - 62 = -p. What is the units digit of i?
5
Suppose s + 12*s = 1105. What is the tens digit of s?
8
Suppose 3294 - 26782 = -16*g. What is the hundreds digit of g?
4
Suppose 375 = j + 75. Let m = -195 + j. Suppose m = 5*c - 60. What is the tens digit of c?
3
Let c(o) = 2*o**2 + 3*o - 3. Let k be c(2). Suppose -j + 4*b = -0*b + k, -j = -b - 1. Suppose 8*l - 72 = j*l. What is the tens digit of l?
2
Let c(h) = -7*h**3 + 9*h**2 - 12*h + 8. What is the thousands digit of c(-5)?
1
Let i = 2 + 3. Let g(h) = -2*h + i - h + 13*h. What is the tens digit of g(3)?
3
Let l be 2/(-4 + (-45)/(-12)). Let f = 29 + l. What is the units digit of f*((-4)/3 - -4)?
6
Let p(l) = -l**2 + 7*l + 11. Let a be p(8). Let v be 1*(250 - 1) - a. Suppose 6*f = -0*f + v. What is the units digit of f?
1
Suppose 2*g = 4*i + 11458, 20*g - 21*g + i = -5734. What is the thousands digit of g?
5
Suppose -k - 116 = -4*g + 3*k, -4*k + 127 = 5*g. Suppose -g*y + 150 = -22*y. What is the units digit of y?
0
Suppose 5*j = 2*j + 9. Suppose -j*m + m = 14. Let u = -5 - m. What is the units digit of u?
2
Let p(i) = i**2 + 3*i + 2. Let a be p(-4). Suppose -11*f + 531 = -129. Suppose a*x = 3*x + f. What is the units digit of x?
0
Suppose 7*y = 5*y - 60. Let f = y + 29. Let l(u) = -49*u**3 + 1. What is the units digit of l(f)?
0
Let f(t) = 3*t**2 - 3*t + 8. Let b be f(-7). Suppose b = 4*h - 48. Let w = -36 + h. What is the units digit of w?
0
Let f(j) = 1 - 1 - j - 5 + 1. Let d be f(0). What is the units digit of (-61)/d - 1/4?
5
Let b = -4 + -5. Let j(l) = -l**3 - 10*l**2 - 11*l + 1. What is the units digit of j(b)?
9
Let k(z) = -z**3 - 10*z**2 - 12*z - 10. Let a be (-23)/1 - (-2 + 0). Let t = a - -12. What is the tens digit of k(t)?
1
Let j = 92 - 86. Let o(b) = -7*b**3 + 5*b**2 + 2*b + 8. Let f(h) = -h**3 - h + 1. Let n(p) = -6*f(p) + o(p). What is the units digit of n(j)?
4
Suppose -4*o = 287 + 145. Let s = o + 200. What is the tens digit of s?
9
What is the thousands digit of (-3259)/(-2) + (-72)/48?
1
Suppose 2*i = 5*i + 108. Suppose 0 = -5*s - 4 + 19. What is the units digit of ((-1)/s)/(4/i)?
3
Let g be (2*(-57)/24)/((-11)/(-44)). Let c = 27 + g. What is the units digit of c?
8
Let x(w) = -w**3 - 6*w**2 + 2. Let z be x(-6). What is the units digit of (4/z*-38)/(-2)?
8
Let t = -2457 - -4052. What is the units digit of t?
5
Suppose -a - 2*h + 6*h = 0, 2*h = -5*a + 44. Suppose -12 = -10*f + a*f. What is the units digit of f?
6
Let p(q) = 6*q - 2. Let f be p(3). Suppose -5304 = -r - f*r. What is the units digit of r?
2
Let b = 1870 + -241. What is the thousands digit of b?
1
Let v(k) = 13 - 29 + 4*k + 12. Let i be v(-10). What is the tens digit of 1/(i/(-42) - 1)?
2
Suppose 2*a - 5*b + 36 = -6*b, -36 = 2*a + 5*b. Let l(t) = t**3 + 17*t**2 - 19*t - 10. Let c be l(a). What is the tens digit of (-6)/4 + 316/c?
3
Let g = -3307 + 5845. What is the units digit of g?
8
Suppose n + 251 = -2*f, 31 = n + f + 283. What is the tens digit of n/(-15) + 14/105?
1
Suppose 0 = 604*t - 599*t - 2175. What is the tens digit of t?
3
Suppose 3*j = 4*n - 5, 5*j + 12 = -3*n + 2*j. Let x(v) = 9*v**2. What is the units digit of x(n)?
9
Suppose 0 = 9*m - 191 + 2. What is the tens digit of (-406)/m*30/(-4)*2?
9
Let m = -3 + 8. Suppose 4*h - m - 3 = 0. What is the units digit of (-26)/(-6) + h/3?
5
Suppose -13*m + 11 = -28. Suppose 0 = -2*b - 2*y + 170, 21 = m*b - 5*y - 210. What is the units digit of b?
2
Let p = -1058 + 4294. What is the tens digit of p?
3
Suppose 4*n + 5264 + 1258 = 3*q, 6*q - 13035 = 5*n. What is the units digit of q?
0
Let h be ((-6)/(-7))/((-5)/35). Let d = -6 - h. Suppose 0 = x - 5, d*x = -5*k + 3*x + 125. What is the units digit of k?
8
Let o(w) = w**3 + 3*w**2 - 2*w. Let h be o(2). Suppose -2*q = -4*j, 2*q + 2*j + h = -2*j. What is the units digit of 448/20 + q/10?
2
Let i(p) = -3*p**2 - 100*p + 68. What is the units digit of i(-32)?
6
Let a(o) = 18 + 13*o - 21 + 20. What is the units digit of a(5)?
2
Let i(k) = 6*k - 1. Let p be i(1). Suppose -2*c - 4 = p*y, -3*y + c = -0 - 2. Suppose y*s - 4 = -s. What is the units digit of s?
4
Suppose 0 = -7*i + 12*i. Suppose 14*q - 3*q - 1408 = i. What is the tens digit of q?
2
Let p(x) = x**3 + 11*x**2 - x - 7. Suppose 2*u = -4*u - 66. Let i be p(u). What is the units digit of i/10 - 132/(-20)?
7
Let z(h) = -19*h - 114. What is the units digit of z(-25)?
1
Let t = -1658 - -3431. What is the hundreds digit of t?
7
Suppose 0 = 4*x + 5*g - 1830, -391 = -3*x - 5*g + 984. What is the tens digit of x?
5
Let g be (4 - 2) + 2/2 + 0. Suppose g*q + 5*o = 245, 35 = -q + 5*o + 110. What is the tens digit of q?
8
Let f be 35 + -2 + 8/(-2). Let a = 43 - f. What is the tens digit of a?
1
Suppose 912 = v + 209. Suppose -7*x - v = -1837. What is the tens digit of x?
6
Let u(s) be the second derivative of s**4/12 - s**3/2 + 9*s**2 + 13*s. What is the units digit of u(10)?
8
Let c(f) = f**2 - 17*f + 49. Let r be c(14). Suppose 0 = -r*u + 1142 + 34. What is the hundreds digit of u?
1
Suppose -3*j + 4 = -5. What is the tens digit of (423/j)/3*1?
4
Suppose 5*i + 16 = 4*q - 0*q, 15 = -5*i + 5*q. Let v(w) = -22*w - 69. Let m be v(-6). What is the units digit of i/(-14) + 1431/m?
3
Let d(r) = 11*r**3 + 11*r**2 - 45*r + 14. What is the units digit of d(5)?
9
Let k(m) = -m + 11. Let s be k(9). Suppose 2*p - d + s*d = 20, -4*p = d - 36. Suppose -3*z - 55 = -p*z. What is the tens digit of z?
1
Let v be ((-16)/24)/((-2)/12). Suppose -2*r + v*y = -27 - 143, -5*y = -4*r + 334. What is the tens digit of r?
8
What is the units digit of 520 + (0/5 - (-6 - -11))?
5
Let d be -10*2/(3 - 1). Let y = d - -4. What is the tens digit of -1 + 72 + y + 2?
6
Suppose -5*l + l + 160 = 0. Let t be (1/(-2)*-40)/(-1). Let v = t + l. What is the units digit of v?
0
Suppose -171 = 8*w - 4299. What is the tens digit of w?
1
Let i = 19 + 41. What is the tens digit of i?
6
Let u(b) = -2*b - 27. Let h be u(-11). What is the units digit of ((-8)/h)/((3/(-10))/(-3))?
6
Let w(s) be the first derivative of 3*s**4/2 - s**3 + s**2/2 + s + 1. Let y be w(1). Suppose -l = 5*z - 225, 3*z - 244 = y*l - 81. What is the units digit of z?
6
Suppose 0 = -4*h - 6*h + 310. Suppose 2*r - 11 - h = 0. What is the units digit of r?
1
Let k(i) = -i**3 + 4*i**2 + 7*i - 5. Let c be k(5). Suppose -2*y - c = 